7*l**2 - 38*l - 8*l**2 + 16*l**2 - 7. What is the tens digit of f(3)?
2
Let q = 80256 - 13957. What is the ten thousands digit of q?
6
Let x = -4747 + 9914. What is the units digit of x?
7
Let k be (5/(150/108))/(2/(-10)). Let j = k - -23. Suppose 2*d - f = -2*f + 197, j*f + 387 = 4*d. What is the units digit of d?
8
Let p(m) = 52*m**3 - m**2 + 3*m - 4. Let i(h) = h**2 + 1. Let r(c) = -4*i(c) - p(c). What is the hundreds digit of r(-2)?
4
Let j be 37 - (19 + 80/(-8)). Suppose -89 = -3*d - 5*c, -4*d = -7*d + 3*c + 57. Suppose j*l - 405 = d*l. What is the units digit of l?
1
Suppose -316105 - 117191 = -59*u. What is the hundreds digit of u?
3
Suppose -4*k + 2269 + 24 = 3*s, 756 = s + 3*k. Let g = s + -256. What is the tens digit of g?
1
Suppose -118 - 38 = 4*t. Let x = 475 + t. What is the hundreds digit of x?
4
What is the thousands digit of (-54)/4*(-4484)/6?
0
Let x be (-2 - 2)*(-106)/4. Suppose -4*r + 5*s + x = -131, 179 = 3*r - 5*s. What is the units digit of -6*(16/6 + -3)*r?
6
Let t = 63 - 62. Let d be -3 + -15 + 0 + t. Let q = 103 + d. What is the units digit of q?
6
Suppose -4*q + 171 = 4*x - q, 15 = 3*q. What is the tens digit of ((-196)/(-12) - 2)*x?
5
What is the units digit of ((-6)/5)/(114/(-3420))*(-202)/(-1)?
2
Let q(s) = -53*s**3 - 93*s**2 - 6*s + 9. What is the units digit of q(-7)?
3
Let l = -75121 + 120043. What is the units digit of l?
2
Let a = 25334 - 21524. What is the units digit of a?
0
Let u be (-20)/10 - (1 - (-2 + 5)). Suppose 0 = -u*s + 6*s - 6408. Suppose 5*q + q - s = 0. What is the units digit of q?
8
Let f(q) be the first derivative of -q**2 - 27*q - 49. Let g be f(-21). What is the hundreds digit of 272 - ((-24)/9)/(10/g)?
2
Let w(z) = 2*z**3 - 25*z**2 + 15*z - 28. Let a be w(12). Suppose 5*d = 2*i - 40, -11*i = -a*i + 3*d - 39. What is the tens digit of i?
1
Suppose 0 = -i - 4*t + 22809, 5*t - 40764 - 27684 = -3*i. What is the thousands digit of i?
2
Let x(g) = g**3 + 24*g**2 + 15*g - 11. Let i be x(-18). What is the tens digit of i/5 + 10/25?
3
Let y(c) = c**3 + 30*c**2 + 68*c + 2610. What is the units digit of y(-24)?
4
Let b = -197 + 206. Let p(o) = 2*o**2 - 10*o + 29. What is the units digit of p(b)?
1
Suppose 4*m - 2*h - 13927 = 11395, 2*m = -h + 12663. What is the hundreds digit of m?
3
Let f(l) = l**3 - 8*l**2 - 8*l - 8. Let p be f(9). Let v be (-6*p)/(4/(-2)). Suppose -t = 5*h - 169, v*t + 2*t = h - 13. What is the tens digit of h?
3
Suppose -4*w - 104 = 344. Let g be (5/(-5) - w)*4/6. What is the units digit of (3 + g)/1 + 0 + 1?
8
Let l = 16 - 22. What is the hundreds digit of -22*-1*(-177)/l?
6
Let r(b) = 5782*b - 1438. What is the thousands digit of r(7)?
9
Suppose n - 524 = c, n + 0*n - 514 = -c. Suppose -4*y + 0*y + 1748 = 5*h, -4*h - 5*y = -1393. Let a = n - h. What is the units digit of a?
7
Suppose -3 + 1 = b - 5*a, b + 2 = 3*a. Let u(p) = -44*p**3 - p**2 + 4*p + 2. What is the units digit of u(b)?
2
Let d be 6/(((-138)/(-70) - 2)*1). Let h = d + 455. What is the hundreds digit of h?
2
Suppose 0 = 5*d - 2*c - 2*c + 52, -2*d - 3*c = 30. What is the units digit of (-9 - 124/d) + 4978/6?
1
Suppose -4*z + 7*z = 15. Let y(s) = 16 + 32*s - 98*s + 38*s + 33*s. What is the units digit of y(z)?
1
Suppose 0 = -5*g - r + 39581 + 22697, 0 = -g + 4*r + 12464. What is the units digit of g?
6
Let g = -2797 - -6650. What is the hundreds digit of g?
8
Let v(m) = m**3 - 63*m**2 + 61*m + 147. What is the tens digit of v(62)?
8
Let x(m) = 171*m - 1. Suppose 4*f + 5 = -3. Let v be -2*(3/2 + f). What is the tens digit of x(v)?
7
Suppose 0 = 4*j - 2*w + 196, -5*j - w = -176 + 435. Let z = 1810 + -1720. What is the units digit of z - ((-1)/4 - j/12)?
6
Suppose 0 = -4*y + 3*f - 6, -3*y + f = -3*f + 8. Suppose y = -77*r + 82*r - 80. What is the tens digit of r?
1
Let y = -76054 + 125934. What is the ten thousands digit of y?
4
Let k = 3125 + -2732. What is the units digit of k?
3
Suppose 0 = 5*z - 54 + 234. Let k = 41 + z. Suppose 4*a = -k*s + 190, -a - 3*a + 194 = 3*s. What is the units digit of a?
0
Suppose -4*d - 2*s = -3*s - 138928, 5*s - 40 = 0. What is the units digit of d?
4
Suppose -3*t - 4*s + 69173 = 0, -t + 2*s = -13650 - 9411. What is the units digit of t?
9
Let u(i) = i**3 - 5*i**2 + 5*i. Let v be u(2). Let d = v + 3. Let y(x) = 25*x**3 - x**2 - x + 1. What is the units digit of y(d)?
4
Suppose 4*l - 4*u - 60 = 0, -5*l + 2*u + 84 = 15. What is the tens digit of 263*(l - 10)*2/6?
6
Suppose 4*x - r = 347 + 1652, -4*r = 3*x - 1504. Suppose 4*u = -4, -4*i + 3*u = -853 - 1570. Suppose -i = -5*h + x. What is the hundreds digit of h?
2
Let h be (1/(-40)*-8)/((-2)/(-30)). Suppose 4*m - 295 = c - 2*c, 0 = -h*m + c + 223. What is the tens digit of m?
7
Let y(f) = -13*f - 73. Let l be y(-9). Suppose -6464 = -52*d + l*d. What is the hundreds digit of d?
8
Let n(w) = -w + 13. Let r be n(8). Suppose 0 = -3*a - 7 - r. Let s(g) = -g**3 + 3*g**2 + 8*g + 9. What is the tens digit of s(a)?
8
What is the ten thousands digit of -6 + 0 - ((-1776466)/34 + -7)?
5
Let s be (-3)/9 + (-1022)/(-6). Let a be (-3)/(-2)*(0 - s). Let p = -107 - a. What is the units digit of p?
8
Suppose -40*y - 3422 = 30058. Let o = y - -2708. What is the tens digit of o?
7
Suppose -3*w + i = 5*i - 199, -w + 77 = -4*i. Suppose 0 = u + 2*s - w, 42 + 30 = u + s. What is the units digit of u?
5
Let d = 111 + -118. Let b(n) = -7*n**2 + 2*n**2 + 0*n**2 - n - 2*n**2 - n**3 + 14. What is the units digit of b(d)?
1
Let k be (-60)/(-9)*229*(-9)/(-6). Let d = k - 826. What is the units digit of (-3)/((-18)/d) + 2 + -2?
4
Let l(t) = 25*t**2 - 6*t + 5. Let z be l(1). Suppose -3*n = -2*m + 3 + 10, 0 = 4*n + 4*m + z. Let b = n - -116. What is the hundreds digit of b?
1
Let t(j) = 258 + 4*j**2 + j + 2*j**2 - 262. Let x be t(-4). What is the tens digit of (2 + x/12)*18/7?
2
Suppose 0*l = 7*l - 560. Suppose -2*i - g = 75, 2*i = 5*i - 5*g + l. Let k = 93 + i. What is the tens digit of k?
5
Let b(x) = -9*x + 984. Suppose 5*c - 5*f - 25 = 6*c, -f = -c + 5. What is the tens digit of b(c)?
8
What is the ten thousands digit of 56/(-308) + (-578001)/(-33)?
1
Let r be (721/14 - 11)/(1/36). Suppose -3*u + 3791 = -2*k, 0 = 5*u - 3*k - r - 4859. What is the thousands digit of u?
1
Let l = -138 - -68. Let i = l - -382. Suppose -209 = -2*r - 3*v, -i = -3*r - 0*r - 4*v. What is the units digit of r?
0
Let u(r) = r**3 - r - 91. Let v be u(0). Suppose 2*k = 4*w + 374, 2*k + 3*w - 368 = w. Let h = k + v. What is the units digit of h?
4
Let m(x) = -18 + 3*x**2 - 16*x + 5*x**2 - 7*x**2. What is the units digit of m(-11)?
9
Suppose 3*q = 10*q + 11*q - 209718. What is the tens digit of q?
5
Suppose 3*n - 80 = 7. Suppose 5*f + s = n, -3*f = -8*f - 2*s + 33. Suppose f*p - 485 - 195 = 0. What is the hundreds digit of p?
1
Suppose -2*y = -12, 61*n - y = 60*n + 21883. What is the thousands digit of n?
1
Let a(r) = r**3 - 6*r**2 - 10*r + 24. Let v be a(7). Suppose -5*w - 1297 = -4*y, -2*w = -5*y + v*y + 646. What is the units digit of y?
8
Let g be (4/(-10))/(-4 + 6486/1620). Let n = g - -185. What is the tens digit of n?
7
Let u = 702 + -686. Suppose 0 = u*g - 1179 - 24949. What is the units digit of g?
3
Let u = -161 + 230. Let m = u + -38. Suppose o - 18 = -2*h, -o + h = o - m. What is the units digit of o?
6
Let z = 157559 + -111973. What is the tens digit of z?
8
Let g = -177 + 786. Suppose 1263 = -5*a + 4*b + 4395, a + 5*b = g. Suppose 0 = -10*r - 3*r + a. What is the units digit of r?
8
Suppose -3*c - 10 = -8*c. Let b be 2 + c/(-6)*0 + 2. Suppose -8*n + 212 = -b*n. What is the tens digit of n?
5
Let b = 7501 + -3011. What is the units digit of b?
0
Let b be 10/(-9)*(-387)/86. Suppose 0 = b*t - 2253 - 1007. What is the tens digit of t?
5
Suppose 0 = 5*v + 5*g + 5, 3*g - 5 = 4. Let m be (-2 - (-4 - v))/(-1). Suppose 0 = -m*x - 7 + 107. What is the tens digit of x?
5
Let a be 2 - 10/4 - (-10)/(-4). What is the tens digit of 404 + (-1)/(-4)*(a + 7)?
0
Let u be ((-1 - -2) + -1)/1. Suppose u*t - 2 = -t. Suppose 2*g = 4*v + 106, -t*g - 2*g = -v - 177. What is the tens digit of g?
4
Let b = 153 - -1305. Suppose -4*k = -13*k + b. Suppose 6*x - 9*x = -k. What is the tens digit of x?
5
Let x(h) = 85*h - 6. Suppose -4*j - 8 = -2*u, -3*u + 5 = 4*j - 7. What is the units digit of x(u)?
4
Let h be 4 